f o?
2
Suppose 0 = g - 68 - 153. What are the prime factors of g?
13, 17
Suppose 2*r - 2*z - 20 = z, -20 = -2*r - 3*z. List the prime factors of r.
2, 5
Let p(z) be the second derivative of z**4/3 + z**2/2 - 2*z. Let a be p(1). Suppose -25 = -0*s - a*s. What are the prime factors of s?
5
Suppose 3*i + 196 = 5*r, 2*r + 3*i - i - 88 = 0. Suppose -3*v + 32 = 2*y, 3*v = -3*y + 2*v + r. List the prime factors of y.
13
Let p(l) = -l**2 - 13*l - 1. Suppose 2*o = -0*q + 3*q + 20, -4*o = -4*q - 20. List the prime factors of p(q).
29
Let b = 60 - 15. What are the prime factors of b?
3, 5
Let p be 3 - (-1)/((-3)/9). Suppose u - 15 = -p*u. List the prime factors of u.
3, 5
Suppose 2*m - 40 = -4*u, -2*u = 3*u + 2*m - 48. Let s(k) = k**2 - 7*k + 2. Let c be s(7). Suppose -u = -c*o + 6. List the prime factors of o.
7
Suppose -3*i = 1 + 8. Let j = i + -7. List the prime factors of (-1*1)/(5/j).
2
Let i = 12 + -24. List the prime factors of 18/(-12)*(0 + i).
2, 3
Suppose 3*p + 3 - 9 = 0. Suppose 5*h - s = 83, 4*h + p*s + 22 = 5*h. What are the prime factors of h?
2
Suppose 2*o - 16 = -2*o. Let r = o + -1. Suppose 2*q - 18 = -2*w, -r*w + 3*q - 4 = -37. What are the prime factors of w?
2, 5
Suppose 26 = 2*n - 4*a, 0 = 5*n + 6*a - a - 110. List the prime factors of n.
19
Suppose 34 + 67 = f. List the prime factors of f.
101
Let p be (1 + -4)/(2/20). Let c = 30 - p. Suppose -2*o = -3*n - 0*o + 56, 3*n - 3*o = c. What are the prime factors of n?
2
Suppose -38 - 687 = -5*v. List the prime factors of v.
5, 29
Suppose 0*r = -r - 2*q + 3, q = 2*r - 6. Suppose r*t + 2*t + 10 = 0, 0 = -o - 5*t + 4. What are the prime factors of o?
2, 7
Let j = 7 + -11. Let l(d) = -d**3 - 3*d**2 + 4*d. Let y be l(j). Suppose 3*f + 0*f - 6 = y. List the prime factors of f.
2
Let h = 11 + -5. What are the prime factors of 128/(-12)*h/(-4)?
2
Suppose 113 + 31 = 4*v. List the prime factors of v.
2, 3
Let d = -75 - -116. What are the prime factors of d?
41
Let x(u) = -10*u - 20. List the prime factors of x(-10).
2, 5
Let s(q) = 29*q. Let n be s(1). Let d = n - 13. List the prime factors of d.
2
Suppose -2*p = -203 + 67. Suppose -5*x - 51 - 49 = -5*c, c + p = -3*x. Let w = 33 + x. List the prime factors of w.
11
Suppose 0*j + 2*j = -4. Let k = -1 + j. Let v = 5 + k. What are the prime factors of v?
2
Let y(b) be the third derivative of -1/24*b**4 + 0*b + 1/30*b**5 - 4*b**2 - 1/6*b**3 + 0. List the prime factors of y(-2).
3
Suppose -2*v + 0*v = -3*m + 20, -4*v - 20 = 4*m. Let q(n) = n**3 + 8*n**2 + 5*n - 8. What are the prime factors of q(v)?
2, 3
Suppose 3 = -0*f + f. Let r(k) = -k + 1. Let p be r(-4). Suppose p*v - 50 = 2*w, -f*v + w + 4*w = -49. What are the prime factors of v?
2
Let i(k) be the second derivative of -k**5/20 - k**4/3 + 3*k**2/2 + k. Let g(r) = 4*r**3. Let t be g(-1). List the prime factors of i(t).
3
Let p = 1 - 2. Let y be (p - -1)*(-1)/2. Suppose 0 = -3*d, -g + d = -y - 12. What are the prime factors of g?
2, 3
List the prime factors of (-3)/(-4)*(-3 + -1) + 71.
2, 17
Let p = -27 - -75. List the prime factors of p.
2, 3
Let g = 99 + -8. What are the prime factors of g?
7, 13
Let z(b) = b**3 + 5*b**2 + 3. Let t be z(-5). Suppose -2*o + 48 = 4*g, -g = -2*o + 1 - t. List the prime factors of g.
2, 5
What are the prime factors of (-3)/(-12) + (-478)/(-8)?
2, 3, 5
Suppose -3*c - 5 = -4*c. Suppose -4*s - 11 = -c*r, 0*r + 2*r - 10 = -4*s. Suppose -2*z - h = -z - 9, -4*h = r*z - 27. List the prime factors of z.
3
What are the prime factors of (4 - -1)/(9/27)?
3, 5
Suppose 14 = 2*z - 2. Suppose -9 = 5*d - 29. Suppose -t - 28 = -5*y, -d*y + z = 4*t - 0*t. What are the prime factors of y?
5
Let k = -17 - -32. List the prime factors of k.
3, 5
Let a(d) = -d**3 - 5*d**2 + 8*d - 2. List the prime factors of a(-7).
2, 5
Suppose 13 - 4 = -3*d, -4*m - 3*d + 215 = 0. What are the prime factors of m?
2, 7
Let f(c) = 2*c**2 + 3*c + 3. Let t(u) = u**2 - u + 1. Let m(b) = f(b) - 3*t(b). List the prime factors of m(4).
2
Let z(v) = -v + 7. Let m be z(5). List the prime factors of 49/3 + m/3.
17
Let x = 6 - 2. Let b = -4 + x. Suppose b = 3*f - 13 - 2. What are the prime factors of f?
5
List the prime factors of (2/(-1))/1 - -28.
2, 13
Suppose 4*q + q - 175 = 0. Suppose -5*u - q = -10. Let g(v) = v**2 + 2*v - 4. What are the prime factors of g(u)?
11
Suppose 0 = 6*y - 8*y + 384. Suppose -98 - y = -5*x. List the prime factors of x.
2, 29
Let t = -63 - -117. What are the prime factors of t?
2, 3
Suppose 5*y + 3*v = 4*v + 13, 0 = -5*y - 2*v + 4. Suppose 2*z - y = 0, -3*i - 4*z = 2*i - 19. List the prime factors of i.
3
Let l(u) be the first derivative of u**2/2 + 8*u - 2. What are the prime factors of l(0)?
2
Suppose 4*z - 11 = -w + 2*z, 2*z = w - 7. Suppose 2*o - w = 5*r + 3, 0 = -2*o - 4*r - 24. Let v = o + 11. List the prime factors of v.
7
Let l be (-32)/6*3/(-2). Let x be (10/15)/((-1)/(-18)). Suppose s - x = -i, -i + 4*s = -9 - l. List the prime factors of i.
13
Let b = -395 - -557. List the prime factors of b.
2, 3
List the prime factors of 402*(-2 + 3) + (17 - 13).
2, 7, 29
Suppose 4*t - 3*r = 2*r + 156, 2*t + r - 92 = 0. What are the prime factors of t?
2, 11
Suppose 10 + 17 = d. Let h = d - 13. Suppose 2*z - 5*f - 15 = 0, z + 2*z - h = -f. List the prime factors of z.
5
Suppose 3*l = -36 - 27. Let b = l - -7. List the prime factors of (-3)/(-2)*b/(-3).
7
Suppose -5*v = -10, -v = -l + v + 247. What are the prime factors of l?
251
Let b = 31 - 5. Suppose j = b + 3. What are the prime factors of j?
29
Suppose -12 - 15 = -d. List the prime factors of d.
3
Let p(z) = 14*z**2 - 6. What are the prime factors of p(-2)?
2, 5
Suppose -3*h - 180 = -7*h. What are the prime factors of h?
3, 5
Let u(o) = -o - 8. Let g be u(0). Let a = g - -11. Suppose -b + 12 = -a. List the prime factors of b.
3, 5
Suppose 3*m + 2 = -5*s, -3*s - 4 = m + 2*s. Suppose -2*a - 12 = -10. Let o = m - a. List the prime factors of o.
2
Let c be ((-72)/10)/((-2)/10). List the prime factors of 6/15 - c/(-10).
2
Let l be 2/((-2 - -1)/(-1)). Suppose 0*d = 4*d - 208. Suppose 0 = -w - k + 13, l*k + d = 4*w - k. What are the prime factors of w?
13
Let q(w) = 2*w**2 + 7*w - 6. Suppose 2 = 2*n - 8. Let d(o) = -o + 1. Let c(m) = n*d(m) + q(m). List the prime factors of c(2).
11
Suppose 0 = -0*r - 3*r + 78. List the prime factors of r.
2, 13
Let k(m) = -2*m - 9. Let x = -10 + 3. What are the prime factors of k(x)?
5
Suppose -5*q + 20 = -2*w, 5*w = 2*q - 0*w - 29. Suppose 0*b + b = q. List the prime factors of b.
2
Let o(q) = 3*q - 9. Let n be o(10). List the prime factors of (n/4)/(18/96).
2, 7
Let a be (-2)/(-3) + 8/(-3). Let g(h) be the third derivative of h**5/30 - h**4/12 - h**3/2 + 10*h**2. What are the prime factors of g(a)?
3
Let v(s) = -17*s**3 - 1. Suppose -2 + 0 = 2*k. What are the prime factors of v(k)?
2
List the prime factors of (-2)/(-8) - (-395)/20.
2, 5
Let r(c) = c**2 + 6*c - 8. Let f be r(-8). Let h be ((-210)/f)/3*-8. Suppose 4*v + 3*s = h, -2*v + s + 30 = 5*s. List the prime factors of v.
19
Let o(m) = -m**3 - 8*m**2 + 12*m - 9. What are the prime factors of o(-10)?
71
Suppose 2*w - 3*d = 12, -5*w + 4*d + 12 = -4. Suppose w*t = -4*t + 16. What are the prime factors of t?
2
Let a(p) = -p**3 - 7*p + 5. Let t(r) = -4*r + 3. Let i(u) = 3*a(u) - 5*t(u). Let j be i(-1). Let g(o) = 2*o**2 - 5*o - 4. What are the prime factors of g(j)?
2
Let v(p) be the second derivative of -p**4/12 + 2*p**3/3 + 3*p**2/2 + p. List the prime factors of v(4).
3
Suppose -96 = 4*h - 8*h. What are the prime factors of h?
2, 3
Let y be 3*(0 - (-30)/9). Let x(t) = -t**3 + 3*t**2 - 3*t + 1. Let k be x(2). Let q = y + k. What are the prime factors of q?
3
Suppose -5*k = 29 + 16. Let h = 29 + k. List the prime factors of h.
2, 5
Let o(v) = -v - 18. Let a be o(-8). Suppose 3*j = 3*c - 2 + 35, -4*c + 20 = 0. Let t = a + j. List the prime factors of t.
2, 3
Let q = -19 + 40. List the prime factors of q.
3, 7
Let u(q) = -q + 4. Let n = -4 + 9. Let d = n + -11. List the prime factors of u(d).
2, 5
Let x = -29 + 36. Suppose 4*g - 3 - 9 = 0. Let w = g + x. What are the prime factors of w?
2, 5
What are the prime factors of (35 - 1 - 0)*1?
2, 17
Let y(f) be the first derivative of -3*f**2/2 - 10*f - 1. List the prime factors of y(-7).
11
Suppose b + 0*b = 59